-d + 2. Let i be z(0). Suppose 79 + 66 = i*c + f, 4*c - j = -5*f. Is c composite?
True
Let m(j) = 259*j**2 + 5*j - 10. Let z(s) = 52*s**2 + s - 2. Let a(y) = -2*m(y) + 11*z(y). Let t be 6/4 + 3/(-6). Is a(t) a composite number?
False
Let l(a) be the second derivative of -a**3/6 + 101*a**2 + a. Let u be 0/((-1)/1*-2). Is l(u) composite?
True
Let i(s) = 13*s - 456. Is i(55) a composite number?
True
Suppose 1652 = -5*w - i + 3*i, -3*w - 986 = 4*i. Let c = -164 - w. Is c a prime number?
False
Let k(y) = -2*y**2 - 30*y + 19. Let g = 23 + -36. Is k(g) prime?
True
Let f be (-29)/2*(1 - -1). Let p = 31 + f. Suppose -4*y + 1182 = 5*b, p*b = -5*y + 3*b + 1463. Is y composite?
False
Is 1754/(-4)*6/9*-3 a prime number?
True
Let c(m) = -174*m - 142. Is c(-32) composite?
True
Is ((18/27)/((-2)/394026))/(-2) prime?
False
Let x(r) = 620*r**2 + 18*r + 34. Is x(-12) prime?
False
Let a = 129 - 126. Suppose 6*o - 2*d - 2679 = a*o, 0 = -3*o + 5*d + 2679. Is o a composite number?
True
Let r be (-3928)/(-18) + 6/(-27). Let n = r - 33. Is n a composite number?
True
Let j(a) = -66*a**2 + 23. Let r(l) = 65*l**2 - l - 23. Let i(u) = 3*j(u) + 4*r(u). Is i(9) composite?
True
Let u(b) = -48837*b - 139. Is u(-2) a prime number?
False
Let o(a) = a**3 - a**2 - a - 5. Let j = 9 - 3. Suppose -2 + j = l. Is o(l) a composite number?
True
Suppose 2*s + b = 2*b + 10, 4*s - 20 = 3*b. Suppose s*y - 1702 - 631 = 2*p, 0 = -y - 2*p + 469. Is y composite?
False
Suppose 0 = 3*q - 0*q - 18. Suppose 4*d + 4*r = -1504, 0 = 2*r - q*r + 16. Let a = -181 - d. Is a a prime number?
True
Let j = -9 - -8. Let i = 2 - j. Suppose w = -w + i*d + 46, d = 3*w - 69. Is w a composite number?
False
Let z(q) = -203*q**3 - q**2 - q. Suppose -c - 11 = 2*i - 4, -3*c = -4*i + 11. Is z(i) a composite number?
True
Suppose 12*x - 7*x = -100. Let u = x + 6. Is (-2)/7 - 3126/u a prime number?
True
Suppose 0 = 4*b - 52090 - 13402. Is b composite?
True
Suppose -3*f - 7409 = -3*c + f, 0 = -4*c + 5*f + 9877. Is c a prime number?
False
Let k(g) = -7*g + 2. Let u be k(1). Is 28/35 + (-2781)/u a prime number?
True
Let k = 54 + -36. Suppose -8*w + k = -2*w. Suppose -5*t + 153 = w*j, j = -3*j + 5*t + 169. Is j a prime number?
False
Suppose 0 = p + m + 550 - 8038, 0 = 5*p + m - 37460. Is p prime?
False
Suppose 32*d - 31828 - 42828 = 0. Is d composite?
False
Is (-1)/((24/1948)/(-6)) a composite number?
False
Let k(u) = 5*u**2 + 11*u - 2. Let i be k(-3). Let d(p) = 6*p**2 - 5*p + 3. Is d(i) prime?
False
Suppose 0 = 2*y - 3*i - 19534, 272*y - 277*y - 5*i = -48835. Is y a prime number?
True
Let n(f) = 2*f - 1. Let z be n(2). Suppose 0 = z*p - 3*u - 15, -3*p + 0*u + 2*u = -15. Suppose -2*h - p*l = h - 373, 5*l = 3*h - 353. Is h a composite number?
True
Let m(n) = 19*n**2 - 124*n - 56. Is m(13) prime?
True
Suppose 0 = 3*w - 3*y - 66, 2*y + 3*y = -4*w + 61. Let z be (-3)/9 - w/(-3). Let c(a) = -a**3 + 7*a**2 - 7*a + 8. Is c(z) a composite number?
False
Let g(v) = -3*v + 1. Let a be g(3). Let j = -8 - a. Suppose 4*m + 247 = -b + 720, 3*m + 5*b - 342 = j. Is m prime?
False
Let b be (40/(-6))/(-4) - (-2)/6. Is (-32402)/(-51)*3/b prime?
True
Let p(t) = -241*t + 12. Let a be p(4). Let y = a + 1581. Is y a composite number?
True
Suppose -159172 = -8*o - 44*o. Is o a composite number?
False
Let u(g) = g**2 + 4*g - 10. Suppose 4*w - 124 = 5*b, w + 3*w = -16. Let o = -11 - b. Is u(o) prime?
True
Suppose -8*p + 1490 = -3*p. Suppose u - 139 = p. Is u a prime number?
False
Let t(b) = -92*b + 7. Let i(x) = -91*x + 7. Let r(v) = 4*i(v) - 3*t(v). Is r(-1) a prime number?
False
Let j(s) = -s**3 - 12*s**2 + 3*s - 7. Let i be j(-14). Let k = i + 1096. Is k prime?
True
Suppose p + 0*k = 4*k - 20, 5*k = -3*p + 25. Suppose x - 3*x + 974 = p. Is x prime?
True
Suppose -m = 5*n - 33720 + 2909, -2*m = -5*n + 30823. Is n a prime number?
True
Let m = 31 - -23. Is 12/m - 583/(-9) a composite number?
True
Let y = 4146 + -2223. Is y composite?
True
Let m = 34 + -34. Suppose -3*j - 3*g + 1221 = -0*j, m = -5*j + 4*g + 2035. Is j a composite number?
True
Let x(z) = z + 17. Let p be x(-21). Let f = p + 62. Is f composite?
True
Is 329*32 - (13 - 140/10) composite?
False
Is 28912733/323 - 4/38 composite?
False
Let t(b) = 3*b**2 + 24*b - 21. Let j be t(-12). Suppose g - 80 = 3*n, 0 = -0*g + g - 4*n - 80. Let f = j - g. Is f composite?
False
Let d be (-12)/42 - (-54)/(-7). Let u = 10 + d. Suppose -u*a = 3*a + 3*x - 1052, -3*x = 4*a - 841. Is a composite?
False
Let p(f) = -10*f - 1. Let d(o) be the third derivative of -5*o**4/12 - 4*o**2. Let h(k) = -4*d(k) + 3*p(k). Is h(13) a prime number?
True
Let v(t) = t**2 + 9*t + 16. Let i be v(-6). Is 2/(-4) + (-1907)/i composite?
False
Suppose -3*p = -53147 - 2428. Is (p/(-10) + -1 + 5)*-2 a prime number?
True
Suppose -n - 48 = 2*n. Let x be 2 - 0*(-4)/n. Suppose -3*q + 164 = x*g, 4*g = 7*g - 2*q - 246. Is g composite?
True
Let f(m) = -m**3 + 8*m**2 + 11*m - 20. Let q be f(9). Let n(j) = -j**3 + 4*j**2 - j - 3. Let p be n(3). Is q*((-31)/2 + p) prime?
False
Suppose -v = -3*p + 31433, 42107 = 5*p + 3*v - 10272. Is p composite?
False
Let h(d) be the second derivative of 111*d**3/2 + 2*d**2 - d. Is h(1) a prime number?
True
Suppose 0 = 4*n + 5*b - 12724, -n + 0*b + 3196 = 5*b. Suppose 3*p = 3*o + 2400, -p = -5*p - 4*o + n. Is p composite?
False
Let a = -15416 + 34947. Is a a prime number?
True
Is 82941/12 + 18/(-24)*1 a prime number?
True
Let l(g) be the first derivative of -g**3/3 + 5*g**2 + 11*g - 8. Let c be l(11). Suppose j + 3*k - 21 = c, 0*k = -3*k + 6. Is j a composite number?
True
Let y = 453 - -242. Let l = 1392 - y. Is l prime?
False
Suppose -18 = -3*f - 0*f. Let o be 3 + 4/7 + 1050/49. Suppose -u = -o + f. Is u prime?
True
Let o(d) = 14*d**3 - 6*d**2 + d + 11. Let r(f) = 2*f**3 - 6*f**2 + 7*f - 2. Let p be r(2). Is o(p) prime?
False
Suppose 4*x = 6*x, -5*q + 3*x = -23915. Is q a composite number?
False
Suppose -5*r - 4*v = -1094, -5*r + 761 = -3*v - 326. Suppose -u - 3*x + r = 0, -538 = -2*u + x - 123. Is u prime?
False
Let q(g) = 2*g**3 - 14*g**2 + 11*g + 6. Let c be q(6). Let i(a) = 33 + 144 - 3*a - a. Is i(c) prime?
False
Suppose -c - 15 = 4*j, 0 = -3*c - 0*c - 4*j - 5. Let t be 18/30 - 3/c. Suppose -1105 = -5*s - t*s. Is s a composite number?
True
Let n(c) = -4*c**3 - 6*c**2 + 4*c - 4. Let s be n(4). Let u = s - -185. Let g = -78 - u. Is g composite?
True
Let r(l) = -6*l - 2*l**2 + 2*l + 14 - 4*l + 3*l**2. Let p be r(4). Is ((-1)/3)/(p/3846) prime?
True
Suppose -53612 = -11*i + 83349. Is i prime?
True
Let j(a) = 1. Let t(p) = -7*p**2 - p - 14. Let u(m) = -4*j(m) - t(m). Let i be u(-4). Let v = 329 - i. Is v a prime number?
True
Let x = -57 - -227. Let z = -14 - -50. Suppose z = -2*h + x. Is h a composite number?
False
Let o(k) = 208*k**2 - 16*k + 17. Is o(5) a composite number?
True
Let w be 1/((-301)/1071 - 2/(-9)). Let u(s) = -2*s + 33. Is u(w) composite?
False
Let f(a) = -a**3 + 8*a**2 - 7*a + 2. Let g be f(5). Suppose 0 = -7*b + 4*b + g. Is b prime?
False
Suppose -s = 0, 31563 = 2*h + 2*s - 6463. Is h a prime number?
True
Suppose -2*v + 5*s + 51308 = 0, -19*s + 18*s = -3*v + 76949. Is v a prime number?
False
Suppose 3*u + 2253 = -0*u. Let f = u - -1386. Is f composite?
True
Let o = 4130 - 1509. Is o prime?
True
Let g(v) be the third derivative of v**6/120 - v**5/15 - 5*v**4/24 + 2*v**3/3 - 9*v**2. Let z be g(5). Suppose z*p - 35 - 225 = 0. Is p prime?
False
Let d be (-6778)/(-3) - 4*3/36. Suppose 0 = -2*w + 3*c + 2*c + d, -4*c = -3*w + 3371. Is w a prime number?
True
Let w(g) = -7*g**2 - g + 4. Let u(j) = 3*j**2 + j - 2. Let s(c) = -7*u(c) - 4*w(c). Let x be s(8). Suppose 4*q - 6*q = -x. Is q prime?
True
Is (-20)/(-8)*(469 + 9) a prime number?
False
Let w(z) = 22*z + 41. Is w(39) prime?
False
Let d = 9361 + 402. Is d composite?
True
Let y(z) = 64*z**2 - 5*z + 14. Let w = -2 + 7. Is y(w) prime?
False
Is (-4)/7 + 15258*68/56 composite?
True
Let f(j) = -3842*j**3 + 13*j - 4. Is f(-3) a prime number?
False
Let h be 2/8 - (-99)/36. Suppose -h*z + 64 = -317. Is z a composite number?
False
Let q(f) = -f**2 - 101. Let l be q(0). Let w = 191 + l. Suppose -2*a + w + 20 = 0. Is a a composite number?
True
Let d(t) be the third derivative of 8*t**6/15 + t**5/60 + t**4/6 - t**3/2 - 44*t**2. Is d(2) prime?
True
Suppose -5*